ime factors of v.
2
What are the prime factors of (57/(-6) + 1)*(-41 - -5)?
2, 3, 17
Suppose 0 = -0*i + i. Suppose -5*b + i*b - 15 = 0. What are the prime factors of (2/(-1))/(b/9)?
2, 3
Suppose 6 = 3*t - 3, n = -2*t + 53. List the prime factors of n.
47
Let r(n) = 7*n - 3. Let s(z) = -7*z + 4. Let i(l) = -3*r(l) - 2*s(l). Let f(h) = -6*h + 1. Let y(o) = -4*f(o) + 3*i(o). List the prime factors of y(1).
2
Let f(g) = -30*g + 8. Let t be f(-6). What are the prime factors of t/12 + (-6)/9?
3, 5
Let m be (5 - 5)/(-1 - 0). Suppose m = -4*n + 2*n - 8. Let l = n - -10. What are the prime factors of l?
2, 3
Let j = -11 + 5. What are the prime factors of (j/3)/(2/(-2))?
2
Let l(g) = -9*g - 46. List the prime factors of l(-10).
2, 11
Suppose -a - 206 = -3*a. List the prime factors of a.
103
Let k(a) = a**3 - 10*a**2 - 11*a - 4. Let q be k(11). Let c(w) be the second derivative of -5*w**3/6 + 3*w**2/2 + w. What are the prime factors of c(q)?
23
Let y = 20 + -69. Let d = 78 + y. What are the prime factors of d?
29
Suppose 6*x - 308 = 2*x. What are the prime factors of x?
7, 11
Let m(g) = -2*g**2 + 3*g. Let b be 3 - 3*2/6. Let w be m(b). List the prime factors of 9 + 2/w + 2.
2, 5
List the prime factors of ((-4520)/(-70))/((-2)/(-7)).
2, 113
List the prime factors of 14 - (3 + -2 + -2).
3, 5
Let f(p) = -5*p + 1. Let o be f(-1). Suppose -2*c + 12 = d, -2*d + 46 - 12 = -c. Let t = d - o. List the prime factors of t.
2, 5
Suppose 2*z - 3*d = 6*z - 241, 2*z + 5*d - 131 = 0. List the prime factors of 8/(-4)*z/(-4).
29
What are the prime factors of (-4221)/(-77) - 6/(-33)?
5, 11
List the prime factors of -3*(-8)/(-12) + 4.
2
Suppose 3*k + 2*i + 74 = 0, k + 0*i + 36 = 5*i. Let g be k/(-3) + 7/21. List the prime factors of (g/(-3) + -2)/(-1).
5
Let a(s) = s - 7. Let u(r) = -r**3 - 9*r**2 - r. Let b be u(-9). List the prime factors of a(b).
2
List the prime factors of (5 + (2 - 8))/((-2)/398).
199
Let t be 21/(-15) - 4/(-10). Let y(g) = -26*g. List the prime factors of y(t).
2, 13
Suppose -2*d + 312 = 5*k - 3*k, -5*d + 760 = k. What are the prime factors of d?
151
Let t = 355 + -194. What are the prime factors of t?
7, 23
Let c(a) = 13*a**3 - a**2 - 3*a + 2. What are the prime factors of c(2)?
2, 3
Suppose -2*m + 138 = 4*g, 32 = -2*g + 3*g - 2*m. Let l = -3 + -14. Let i = g + l. What are the prime factors of i?
17
Let w(r) = -4*r**2 + 16*r - 4. Let h(l) = 3*l**2 - 15*l + 4. Let v(u) = -3*h(u) - 2*w(u). What are the prime factors of v(9)?
2
Let z = 8 + 121. What are the prime factors of z?
3, 43
Let m = 100 + -54. Suppose 5*z + 6 - m = 0. Suppose r - 3*r = -z. List the prime factors of r.
2
Let l(p) = 2*p**2 + 2*p + 2. Suppose 0 = -s + 4*s + 9. List the prime factors of l(s).
2, 7
What are the prime factors of 3*(-1)/3 + 23?
2, 11
Suppose -h - 3*h + 144 = 0. What are the prime factors of h?
2, 3
Let b(r) = -r**3 - 8*r**2 - 8*r. What are the prime factors of b(-8)?
2
Let p(s) = -13*s + 5. List the prime factors of p(-3).
2, 11
Let t(i) = 8*i**3 + i**2 - i. List the prime factors of t(1).
2
Let j(a) = -10*a + 1. Let i be j(-1). Suppose 5*m + b + 33 = 0, 2*m - 3*m = -5*b + 17. Let t = i + m. What are the prime factors of t?
2
Let b(r) = r - 5. Let s be b(6). Suppose -4*x + 2*p - 18 = -0*p, -3*x - 16 = p. Let u = s - x. What are the prime factors of u?
2, 3
Suppose 0*c + 56 = 4*c. Let m = -20 + c. What are the prime factors of -8*(3/m - 0)?
2
Let y(u) = u - 2. Let d be y(9). Let t = d + 22. List the prime factors of t.
29
Let d(v) = -v**3 + 4*v**2 - v - 4. Let p be d(4). What are the prime factors of ((-22)/4)/(4/p)?
11
Let k(u) = -1. Let q(y) = y - 15. Let s(t) = 4*k(t) - q(t). Let j = 6 - -2. List the prime factors of s(j).
3
Let i = 138 - 82. List the prime factors of i.
2, 7
Suppose -46 = -2*r + 3*w + 7, -4*w - 150 = -5*r. What are the prime factors of r?
2, 17
Let p(x) = 2*x**2 - x - 1. Let b be p(-1). Suppose b*q - 3*r + 17 = 0, 1 - 7 = -4*q - 2*r. Let l(j) = 9*j**2 + 1. List the prime factors of l(q).
2, 5
Suppose -2*p = -3*p + d + 7, 5*p - 4*d = 34. Let h = -1 + 4. Suppose h*l + p = 30. What are the prime factors of l?
2
Suppose k = -2*k + 3*l + 69, -2*k + 51 = -3*l. Suppose -4 = o, -4*f + k = -o - 54. What are the prime factors of f?
17
Let j(a) = 53*a - 5. What are the prime factors of j(4)?
3, 23
Let v = 74 + -49. Let z = 10 + v. What are the prime factors of z?
5, 7
List the prime factors of ((-7)/(-21))/(1/345).
5, 23
Suppose 3*b + 3 - 12 = 0. Let w(p) = 2*p**3 - 4*p**2 - p - 1. Let j be w(b). Suppose 0 = -2*r + j + 16. What are the prime factors of r?
3, 5
Suppose -4 = -r - 5*z - 1, 0 = 3*r + 4*z - 9. Suppose 2*y = 21 - 5. Let t = r + y. List the prime factors of t.
11
Let p(h) = -11*h - 13. What are the prime factors of p(-7)?
2
Let o(q) = 190*q - 2. Let i be o(-3). List the prime factors of 6/15 + i/(-20).
29
Let t(f) = -4*f**2 + f. Let m be t(-1). Let v = 14 + m. List the prime factors of v.
3
Let y be (18/(-12))/((-2)/12). Suppose -l + 6 + y = 0. What are the prime factors of l?
3, 5
What are the prime factors of (-20 - -3)/(3/(-6))?
2, 17
Let r = -4 - -3. Let v = -1 + r. List the prime factors of (-15)/(-2) - (-1)/v.
7
Suppose 4*w = 12 - 0. Let y = -44 - -49. Suppose -y*k + 33 = -3*s - 20, -w*s = 3*k - 51. List the prime factors of k.
13
Let g(z) = -z + 4 - 18*z - 5 + 2. Suppose k - 7 = 2*m, k + 0*k - 3 = m. List the prime factors of g(k).
2, 5
Let w = -82 - -158. What are the prime factors of w?
2, 19
Let v = -18 - -9. Let c(j) = j**3 + 10*j**2 + 10*j + 12. List the prime factors of c(v).
3
Let v(a) = -a**3 + 11*a**2 + 5*a - 9. What are the prime factors of v(11)?
2, 23
Suppose -5*b + 5*o - 50 = 0, 2*o + 3*o - 32 = 2*b. What are the prime factors of (1*-2 - b) + -1?
3
Suppose -108 + 300 = 4*f. Let y = -19 + f. Suppose -2*k + g = 3*k - 23, 2*g - y = -5*k. What are the prime factors of k?
5
Let p(m) = 3*m**2 - 3*m + 2. Let o be p(-4). Suppose -u = u - o. What are the prime factors of u?
31
Suppose 4*x + 2 + 4 = -2*g, 4*g + 4*x + 8 = 0. Let b = g + 6. List the prime factors of b.
5
Let i(f) = 2*f**3 - 3*f**2 - f + 2. Let o be i(2). Suppose -4*c = 3*j - 38, 3 = -o*c + 5*j + 25. What are the prime factors of c?
2
What are the prime factors of 36732/90 + (-6)/45?
2, 3, 17
Let w(q) = -q + 2. Let f(y) = y. Let z(j) = 3*f(j) - w(j). List the prime factors of z(1).
2
Let a(u) = u**3 - 16*u**2 - 10*u + 35. List the prime factors of a(17).
2, 7, 11
Suppose 5*x = 5 + 5. Let v = 0 + x. Suppose -4*z = 18 + v, q - 4*z - 24 = 0. What are the prime factors of q?
2
Suppose 3*b - 4*u - 29 = 185, -54 = -b - 3*u. List the prime factors of b.
2, 3, 11
Let x(v) = -2 + 0 + 0 - 8*v. Let n be x(-2). Let w = n - 3. What are the prime factors of w?
11
Suppose 4*m = o + 10, 0*o + 5*m = -2*o - 85. Let k = -17 - o. Let s = k + -4. What are the prime factors of s?
3
Let c = 87 + -149. Let o = -36 - c. List the prime factors of o.
2, 13
Suppose 0 = -3*t + 12 - 78. What are the prime factors of (-546)/(-22) + (-4)/t?
5
What are the prime factors of (-2 + 2 - 160/(-2))/1?
2, 5
Let k = 81 - 55. List the prime factors of k.
2, 13
Let r(m) be the first derivative of m**4/4 - 11*m**3/3 - m**2/2 + 15*m + 2. What are the prime factors of r(11)?
2
Suppose -5*l = 5*j + 20, j + 0*j = 2*l - 4. Suppose 0*w = -f - 2*w + 12, -4*f + 4*w + 12 = l. List the prime factors of f.
2, 3
Let m = 20 - 3. Let p = m + 23. List the prime factors of p.
2, 5
Suppose 0 = -4*w + 4, -4*q + 5*q + 3*w = -4. Let x(c) = -4*c + 4. Let m be x(-4). Let k = m + q. What are the prime factors of k?
13
Let g(s) be the third derivative of s**5/60 + s**4/8 - 7*s**3/6 + 2*s**2. Let z be g(-5). Suppose -5 - 1 = -z*w. What are the prime factors of w?
2
Let z(l) = l + 2. Let a be z(0). Let x be 9/(a - (2 + -1)). Suppose i - x = 6. List the prime factors of i.
3, 5
Suppose b + 15 = 3*h + 3*b, -9 = -h - 2*b. Let k be ((-2)/h)/((-4)/30). Suppose 0 = -2*g - 4, -k*a + 10 = -2*a + g. What are the prime factors of a?
2
Let v be (-60)/(-9)*(-24)/(-10). What are the prime factors of v/((-3)/(9/(-3)))?
2
Suppose -3*x - 5*y + 1 = 0, -5*x = 3*y - 7 - 0. Suppose -7 - 33 = -x*p. List the prime factors of p.
2, 5
Let a(h) = -h**2 - 11*h + 7. Let q be a(-9). What are the prime factors of q/3 - (-3)/(-9)?
2
Suppose 5*w + 4 = 3*d - 6, 2*w + 8 = 